{"id":59,"date":"2012-06-06T15:14:57","date_gmt":"2012-06-06T18:14:57","guid":{"rendered":"http:\/\/www.informulas.com.ar\/?page_id=59"},"modified":"2015-12-13T23:07:56","modified_gmt":"2015-12-14T02:07:56","slug":"legales","status":"publish","type":"page","link":"https:\/\/www.informulas.com.ar\/?page_id=59","title":{"rendered":"Legales"},"content":{"rendered":"<p>La presente web y su contenido se enmarcan en la licencia 3.0 Argentina de Creative Commons, pueden ver un resumen clickeando en la imagen ubicada debajo de estas l\u00edneas.<\/p>\n<p>Se permite la reproducci\u00f3n de la informaci\u00f3n con o sin fines de lucro citando la fuente de informaci\u00f3n.<\/p>\n<p>Para m\u00e1s detalles o permisos especiales comun\u00edquese con el autor.<\/p>\n<p><em><a href=\"http:\/\/creativecommons.org\/licenses\/by-sa\/3.0\/\" target=\"_blank\"><img loading=\"lazy\" class=\"size-full wp-image-131 alignleft\" title=\"licencia\" src=\"http:\/\/i.creativecommons.org\/l\/by-sa\/3.0\/88x31.png\" alt=\"\" width=\"88\" height=\"31\" \/><\/a><\/em><\/p>\n<!-- AddThis Advanced Settings generic via filter on the_content --><!-- AddThis Share Buttons generic via filter on the_content -->","protected":false},"excerpt":{"rendered":"<p>La presente web y su contenido se enmarcan en la licencia 3.0 Argentina de Creative Commons, pueden ver un resumen clickeando en la imagen ubicada debajo de estas l\u00edneas. Se permite la reproducci\u00f3n de la informaci\u00f3n con o sin fines de lucro citando la fuente de informaci\u00f3n. Para m\u00e1s detalles o permisos especiales comun\u00edquese con [&hellip;]<!-- AddThis Advanced Settings generic via filter on get_the_excerpt --><!-- AddThis Share Buttons generic via filter on get_the_excerpt --><\/p>\n","protected":false},"author":2,"featured_media":484,"parent":0,"menu_order":0,"comment_status":"open","ping_status":"closed","template":"","meta":{"_et_pb_use_builder":"","_et_pb_old_content":"","_et_gb_content_width":""},"_links":{"self":[{"href":"https:\/\/www.informulas.com.ar\/index.php?rest_route=\/wp\/v2\/pages\/59"}],"collection":[{"href":"https:\/\/www.informulas.com.ar\/index.php?rest_route=\/wp\/v2\/pages"}],"about":[{"href":"https:\/\/www.informulas.com.ar\/index.php?rest_route=\/wp\/v2\/types\/page"}],"author":[{"embeddable":true,"href":"https:\/\/www.informulas.com.ar\/index.php?rest_route=\/wp\/v2\/users\/2"}],"replies":[{"embeddable":true,"href":"https:\/\/www.informulas.com.ar\/index.php?rest_route=%2Fwp%2Fv2%2Fcomments&post=59"}],"version-history":[{"count":3,"href":"https:\/\/www.informulas.com.ar\/index.php?rest_route=\/wp\/v2\/pages\/59\/revisions"}],"predecessor-version":[{"id":640,"href":"https:\/\/www.informulas.com.ar\/index.php?rest_route=\/wp\/v2\/pages\/59\/revisions\/640"}],"wp:featuredmedia":[{"embeddable":true,"href":"https:\/\/www.informulas.com.ar\/index.php?rest_route=\/wp\/v2\/media\/484"}],"wp:attachment":[{"href":"https:\/\/www.informulas.com.ar\/index.php?rest_route=%2Fwp%2Fv2%2Fmedia&parent=59"}],"curies":[{"name":"wp","href":"https:\/\/api.w.org\/{rel}","templated":true}]}}